5
Let x(j) be the third derivative of 17*j**5/12 + 5*j**4/24 - 5*j**3/6 - 9*j**2 - 3. What is the tens digit of x(2)?
4
Let i(b) = b**3 + 14*b**2 - 14*b + 12. Suppose 0 = 5*t + 37 + 38. Let z be i(t). What is the tens digit of ((-22)/z*-1)/((-4)/12)?
2
Let p be (-10)/(-6) - 12370/(-30). Let f = -4 + 8. Suppose 0 = -f*c + p + 262. What is the hundreds digit of c?
1
Let s = 28359 - 18190. What is the ten thousands digit of s?
1
Let a be ((-24)/(-12))/((-2)/(-24)*2). Let p be 2 + (-27)/a + (-1275)/20. What is the units digit of (p/20)/1*345/(-6)?
4
Let b(d) = 2*d**3 - 2*d**2 - 5*d + 4. Let k be b(2). What is the units digit of (-7 - -6)/(87/(-43) + k)?
3
Suppose -5 = c - 4*y, -9*c + 3*y = -10*c + 16. Suppose c*k - 3 = 4. What is the tens digit of k + 44/(-52) + (-1749)/(-39)?
4
Let f(o) = o**3 + 13*o**2 + 22*o + 5. Let z be f(-11). Suppose -2*x - 68 = 3*v, 0 = -3*x + 5*x + z*v + 76. Let s = 99 + x. What is the units digit of s?
1
Let o(u) = 9 + 2*u**2 + 5*u - u - 98. What is the units digit of o(11)?
7
Let w(j) = -16*j**2 - 509*j - 67. What is the units digit of w(-27)?
2
Let b(l) = 7*l**2 + 97*l + 29. What is the hundreds digit of b(39)?
4
Suppose 148*d = g + 149*d - 13117, -3*g + 2*d + 39326 = 0. What is the units digit of g?
2
Let t = -177 - -92. Let p = t - 104. Let m = -109 - p. What is the units digit of m?
0
Let m(a) = -4*a**3 - 28*a**2 + 113*a + 1866. What is the units digit of m(-20)?
6
Let p = -7834 + 11354. What is the units digit of p?
0
Let h be (320/(-24))/(2/6). Let n(c) = 4*c - 17. Let i be n(-10). Let t = h - i. What is the units digit of t?
7
Suppose 2350 = -3*f + 8*f. Let b = f - 316. What is the tens digit of b?
5
Suppose 79*a + 33214 = 343921. What is the thousands digit of a?
3
Suppose x - 1 = 5*d, x + 3*d + 9 = 3*x. Let n = x - 2. Suppose o - n*l - 93 = 0, 3*o - 253 = -0*o - l. What is the units digit of o?
5
Suppose -2785 + 10561 = 16*v. Let o = v + -354. What is the hundreds digit of o?
1
Let i(d) = -d**3 - 11*d**2 - d - 6. Let z be i(-11). Let r(c) = 2*c**3 + 7*c**2 + 5*c - 18. What is the units digit of r(z)?
2
Suppose -2*c + 5*h = -8713, 2*c + 2*c + 5*h = 17441. Suppose 0 = -14*g + c + 3047. What is the units digit of g?
9
Suppose -3*f + 5*p = 405, -4*f + 4*p = -2*f + 268. Let y = f + 206. What is the tens digit of y?
6
Let c be (3 - 206 - -1)*-1. Suppose -2*m = -3*f - 126, -f + c = 5*m - 113. Suppose 0*o + 25 = -5*o, -o = -l + m. What is the tens digit of l?
5
Let y = 115 + -97. Let o(m) = m**3 - 19*m**2 + 33*m + 23. What is the tens digit of o(y)?
9
Let s(h) = h**3 + h**2 + 42*h + 64. What is the ten thousands digit of s(21)?
1
Suppose -2*x + 8 = 3*y, 3*y - 16 = -x - 3*x. Let n = -527 - -570. Suppose -20 = 3*k - 5, n = x*a - 3*k. What is the units digit of a?
7
Let f(x) = -x + 1. Let l be f(1). Let h(m) = -m**2 + 4*m + 197. What is the hundreds digit of h(l)?
1
Suppose 0 = 4*c + 5*y - 10, -3*y = 1 - 7. Suppose 5*j - 7*j + 358 = c. Suppose 3*k - 133 - j = 0. What is the tens digit of k?
0
Suppose -30*w + 20*w = 30. What is the tens digit of (-6)/(-4)*(-1732)/w?
6
Let q(y) = -6*y + 72. Let g be q(10). What is the units digit of -2*1280/(-3) + (-4)/g?
3
Let h(o) = 221*o - 11. Let d(y) = 2*y**2 - 23*y - 11. Let r be d(12). What is the tens digit of h(r)?
1
Let m be -1 - -6 - (-3)/(-1). Let r(j) = -m*j**2 - 111 + 80 + 3*j**2 - 10*j. What is the units digit of r(-5)?
4
Let n(r) = -r**3 - r. Let s be n(0). Let c be (-8 - s)*((-590)/4)/5. Suppose -3*k + c + 106 = 0. What is the tens digit of k?
1
Suppose -24*j + 20*j - 60892 = -7*r, 4*r + 5*j = 34759. What is the hundreds digit of r?
6
Let z(q) = -231*q - 49. Let f = 258 - 260. What is the hundreds digit of z(f)?
4
Let n = -51 + 52. Let v be 0/n - -3 - (-2 + 2). Suppose -v*j - 58 = -370. What is the units digit of j?
4
Suppose 2*k = 2*q - 8110, 9*q - 7*q + 2*k - 8094 = 0. What is the hundreds digit of q?
0
Let c be -2 + 19/3 + 32/48. Suppose 0 = -c*w + i + 84, 101 = 5*w - 2*i + 18. What is the units digit of w?
7
Suppose a + 2*a = -21. Let q be 2/a - (-642)/42. Suppose 16*u = q*u + 14. What is the units digit of u?
4
Suppose -5*c + 4*m - 1385 = 0, 5*c + 8*m - 3*m + 1430 = 0. Let j = c - -425. What is the units digit of j?
4
Let u be 4/7 + (-620)/(-140). Suppose u*d - 23*d + 6840 = 0. What is the units digit of d?
0
What is the units digit of (-7 + 95815)/12 + -2 + 12?
4
Let d = -130 - -164. What is the hundreds digit of (-8312)/(-22) + d/187 - -4?
3
Suppose 34814 = 55*b - 39601. What is the hundreds digit of b?
3
Let z = 13287 - 3977. What is the tens digit of z?
1
Let r = 20 + -32. Let b = 31 + r. Suppose b = -z + 78. What is the tens digit of z?
5
Suppose -12*j = -25158 - 32838. What is the tens digit of j?
3
Suppose 19*g = 8102 + 790. Suppose 4*o = 3*v - 503, 3*v + 10*o - g = 7*o. What is the tens digit of v?
6
Let c be 6 - (-4*2)/(-2). Suppose -21 - 30 = 5*j - c*q, -4*q = -j - 3. What is the tens digit of (-2)/11 - 398/j?
3
Suppose 0*b = 5*z + 3*b - 210, 0 = -z + 5*b + 70. Suppose 3*q - 2*w = -130, 4*q - 4*w + 213 = z. Let y = q - -130. What is the tens digit of y?
8
Let q(c) = -9*c + 6 - 12 + 30*c + 7. Let z(v) = -v + 1. Let n(l) = -q(l) + 2*z(l). What is the tens digit of n(-1)?
2
Let q(t) = 194*t + 322. Let r be q(23). Suppose 0 = -5*b + k + r, 0 = -3*b + 19*k - 20*k + 2864. What is the units digit of b?
6
Let x be 27/(-18)*(-1338)/(-9). Let b = -146 - x. Let w = b - 36. What is the units digit of w?
1
Let g = -17 + 18. Let d be ((-25)/g)/((-4)/32). Suppose -111*t + d = -107*t. What is the units digit of t?
0
Suppose 4*b = 3*t - 675 - 457, 3*t = -3*b + 1167. Suppose -2*o + t = -426. What is the hundreds digit of o?
4
Let h = -136 - -136. What is the tens digit of (-1)/1 + 1 + (834 - h)?
3
Let r(g) = -13*g**2 + 5*g + 31. Let y(x) be the first derivative of 2*x**3 - x**2 - 15*x + 1. Let i(b) = 3*r(b) + 7*y(b). What is the units digit of i(5)?
8
Suppose -23*b + 22*b + 25548 = 0. Suppose 5*g = g + 4*z + 25580, 4*z - b = -4*g. What is the units digit of 1 + ((-1)/6 - g/(-42))?
3
Let s(d) = 209*d + 3946. What is the thousands digit of s(34)?
1
Suppose 15252 = 5*r + 9*r - 60418. What is the thousands digit of r?
5
Suppose 12 = -3*o, -o = 5*u - 3283 - 36173. What is the units digit of u?
2
Let f be (50/(-15))/((-1)/(-9)). Let k be 2/10 + (-372)/60. What is the tens digit of 2/k - 1240/f?
4
Suppose -5*n - 45 = -s - 5, -2*s - 3*n = -41. What is the hundreds digit of ((-20)/s*-233)/((-2)/(-5))?
4
Suppose 20 = 5*l + 5*p, 0 = 7*l - 10*l - 5*p + 20. Suppose 0 = -l*k - 5*k + 3405. What is the units digit of k?
1
Let h = 4643 + -369. Suppose -a = o - 529, -5*o - 1605 + h = -3*a. What is the units digit of o?
2
Let p(r) = -31*r**2 - 5 - 2*r + 16*r**2 + 23*r**2. What is the tens digit of p(-6)?
9
Let i = 57 + -55. Let x(l) = 8*l + 57. Let n(m) = -8*m - 57. Let y(h) = i*x(h) + 3*n(h). What is the hundreds digit of y(-25)?
1
Suppose 0 = -53*x + 25 + 134. Suppose 10*q + 5283 = 13*q - x*o, -2*q = o - 3513. What is the units digit of q?
8
Suppose 28440 + 29457 = 3*p - 3*m, 2*p = m + 38595. What is the hundreds digit of p?
2
Suppose 19*x - 11*x = 16272. Let r = -1360 + x. What is the hundreds digit of r?
6
What is the thousands digit of (2/4)/((-3)/34*(-152)/848616)?
1
Suppose -4*d + 49085 = -w - 3535, d + 4*w - 13155 = 0. What is the ten thousands digit of d?
1
Let u = -20290 - -52423. What is the ten thousands digit of u?
3
Let m(v) = -6*v**2 - 44*v - 3. Let l be m(-22). Let t = 3561 + l. What is the units digit of t?
2
Let n(u) = -u**2 + 5*u + 1. Let y be n(5). Suppose 2*b + i + 16 = 0, -i - y - 29 = 4*b. Let p(f) = -f**3 - 7*f**2 - 4*f - 2. What is the tens digit of p(b)?
2
Let j(a) = -101*a - 7. Suppose -4*q - 71 = 3*v, -2*q - 9 - 35 = 2*v. Let n(p) = -p**3 - 18*p**2 - 16*p + 15. Let b be n(v). What is the hundreds digit of j(b)?
1
Suppose -5*i - 2*s = -8*i + 42245, -i + 2*s = -14079. What is the tens digit of i?
8
Let t(y) be the first derivative of 1/2*y**2 - 1/3*y**3 - 35 + 3*y + 3/2*y**4. What is the hundreds digit of t(3)?
1
Suppose -132*f = -135*f + 5*x + 121929, 0 = 4*f - x - 162538. What is the units digit of f?
3
Suppose 106182 = -21*j + 24*j. What is the units digit of 8/32 - (j/(-24) - 3)?
8
Let b(a) = 2*a + 67. Let h be b(0). Let r = -69 + h. What is the tens digit of (